actor of 1430 and 38390?
110
What is the highest common divisor of 4473295 and 68?
17
What is the highest common divisor of 98943 and 28851?
177
Calculate the highest common factor of 80 and 100384.
16
What is the highest common factor of 45 and 24315?
15
What is the greatest common factor of 172389 and 231?
21
Calculate the highest common divisor of 64948 and 52.
52
What is the highest common divisor of 183638 and 28?
14
Calculate the highest common divisor of 4 and 2177116.
4
Calculate the highest common divisor of 46986 and 20055.
573
What is the highest common factor of 54247 and 119?
17
Calculate the greatest common factor of 154 and 474463.
11
Calculate the greatest common factor of 2837916 and 12.
12
Calculate the highest common divisor of 1015 and 699219.
29
What is the greatest common divisor of 1017786 and 1386?
462
Calculate the greatest common divisor of 11 and 14113.
11
Calculate the greatest common divisor of 5406 and 918.
102
What is the highest common factor of 51 and 2?
1
Calculate the highest common divisor of 32250 and 336690.
1290
Calculate the greatest common factor of 973 and 1491331.
139
What is the highest common divisor of 238038 and 582?
582
Calculate the greatest common divisor of 54593 and 77.
77
Calculate the highest common factor of 4012 and 28.
4
What is the highest common divisor of 3000 and 16875?
375
What is the greatest common divisor of 8 and 2518216?
8
Calculate the greatest common factor of 3473 and 368.
23
Calculate the greatest common divisor of 6264 and 18270.
522
What is the greatest common factor of 1365 and 104741?
91
What is the highest common factor of 138 and 318?
6
What is the greatest common divisor of 1172 and 3364?
4
Calculate the highest common factor of 61397 and 1074.
179
What is the highest common factor of 3532 and 152?
4
Calculate the highest common divisor of 4070 and 114367.
407
Calculate the greatest common divisor of 59685 and 50370.
345
What is the greatest common divisor of 1204299 and 36?
9
Calculate the greatest common divisor of 144495 and 90.
45
What is the highest common factor of 54 and 670482?
18
What is the greatest common factor of 592536 and 312?
24
What is the highest common divisor of 2970 and 5910?
30
Calculate the highest common divisor of 3135 and 263910.
285
Calculate the greatest common divisor of 452556 and 36.
36
What is the highest common factor of 6951 and 169472?
331
Calculate the greatest common factor of 31737 and 298.
149
What is the greatest common divisor of 118 and 800158?
118
Calculate the greatest common factor of 1185 and 840955.
395
What is the highest common factor of 124990 and 18270?
290
Calculate the highest common divisor of 982 and 8567459.
491
Calculate the highest common factor of 2107 and 16125.
43
Calculate the highest common divisor of 4552 and 64297.
569
What is the greatest common divisor of 96533 and 1147?
37
What is the highest common factor of 1280 and 864?
32
What is the greatest common divisor of 14 and 428302?
14
What is the greatest common divisor of 270 and 886626?
54
What is the highest common divisor of 2580 and 4687?
43
Calculate the highest common divisor of 949 and 14.
1
Calculate the greatest common factor of 14850 and 5184.
54
Calculate the highest common divisor of 132 and 1175922.
66
What is the greatest common divisor of 683170 and 583?
53
What is the highest common factor of 90030 and 30?
30
What is the highest common factor of 10 and 35515?
5
Calculate the highest common factor of 60 and 19720.
20
Calculate the greatest common factor of 224 and 3168.
32
Calculate the highest common divisor of 2929 and 2727.
101
What is the highest common factor of 476291 and 395?
79
Calculate the greatest common factor of 82 and 1234346.
82
Calculate the highest common factor of 404 and 95748.
404
What is the greatest common divisor of 2002 and 1338337?
1001
What is the greatest common divisor of 521069 and 852?
71
Calculate the greatest common divisor of 27023 and 61.
61
What is the highest common factor of 16 and 35704?
8
Calculate the greatest common factor of 3886 and 928.
58
Calculate the greatest common factor of 575 and 5300925.
575
What is the greatest common factor of 474 and 104043?
237
What is the highest common factor of 60636 and 27342?
186
Calculate the highest common divisor of 25 and 29363.
1
Calculate the greatest common divisor of 104438 and 1106.
158
What is the greatest common divisor of 25 and 132750?
25
What is the highest common divisor of 500 and 154050?
50
What is the highest common factor of 494 and 4043?
13
What is the highest common factor of 8446 and 902?
82
Calculate the highest common factor of 11840 and 1295.
185
What is the highest common factor of 45 and 578115?
45
What is the highest common factor of 4173 and 325?
13
What is the greatest common divisor of 36720 and 168750?
270
Calculate the greatest common factor of 19572 and 266.
14
Calculate the greatest common divisor of 3196 and 544.
68
What is the greatest common divisor of 15922 and 9218?
838
Calculate the greatest common factor of 3052 and 588.
28
What is the greatest common factor of 8772 and 3264?
204
Calculate the greatest common divisor of 3494829 and 39.
39
Calculate the greatest common factor of 1435390 and 70.
10
What is the highest common divisor of 5 and 50355?
5
What is the highest common factor of 32 and 265504?
32
What is the greatest common factor of 510 and 543405?
255
What is the greatest common factor of 336 and 19696?
16
What is the highest common factor of 621 and 16491?
69
What is the greatest common factor of 325216 and 64?
32
What is the highest common divisor of 320760 and 220?
220
Calculate the highest common factor of 28 and 1996.
4
Calculate the greatest common divisor of 3706 and 3077.
17
What is the greatest common factor of 5795 and 798?
19
Calculate the greatest common factor of 6006 and 24486.
462
Calculate the highest common divisor of 614 and 1174582.
614
What is the highest common divisor of 2295 and 242190?
135
What is the greatest common divisor of 515826 and 18?
18
What is the highest common factor of 87 and 936613?
29
Calculate the greatest common factor of 8740 and 2432.
76
What is the highest common factor of 64 and 43664?
16
What is the greatest common factor of 340288 and 39?
13
What is the greatest common factor of 105 and 1645?
35
Calculate the greatest common divisor of 7663 and 2134.
97
What is the greatest common divisor of 1102 and 389557?
551
Calculate the greatest common divisor of 10 and 33890.
10
Calculate the highest common factor of 50 and 1559375.
25
Calculate the greatest common divisor of 2921877 and 1197.
1197
Calculate the greatest common divisor of 484 and 57926.
22
What is the highest common divisor of 100606 and 10098?
374
What is the greatest common factor of 2156 and 5324?
44
Calculate the greatest common divisor of 15420 and 7680.
60
Calculate the greatest common divisor of 1130680 and 2760.
920
Calculate the highest common divisor of 2 and 199.
1
What is the greatest common divisor of 12694 and 11638?
22
Calculate the greatest common factor of 5571 and 648.
9
Calculate the highest common factor of 267315 and 9287.
251
Calculate the highest common factor of 184 and 10360.
8
What is the highest common factor of 88596 and 46?
46
Calculate the greatest common factor of 103646 and 232.
58
What is the highest common divisor of 249013 and 86?
43
What is the highest common divisor of 272 and 216206?
34
Calculate the greatest common divisor of 170173 and 38722.
1019
What is the highest common divisor of 138651 and 15255?
339
Calculate the highest common factor of 732 and 241804.
244
Calculate the greatest common divisor of 4 and 1277006.
2
What is the greatest common divisor of 2387 and 10633?
217
What is the greatest common factor of 497040 and 171?
57
What is the highest common divisor of 3984953 and 34?
17
What is the greatest common factor of 137832 and 48?
24
Calculate the greatest common factor of 8665 and 25.
5
What is the highest common factor of 25 and 9355?
5
What is the greatest common factor of 8 and 189?
1
Calculate the highest common divisor of 112 and 13784.
8
What is the highest common factor of 7 and 373093?
7
Calculate the highest common factor of 112431 and 99.
33
